17) prime?
False
Let c(h) = -h**2 - 6*h + 18. Let r be c(-8). Let t be (-1 + 4 - r) + 3 + -4. Suppose t = 6*i - 4*i - 2386. Is i a prime number?
True
Suppose -5*f + 2*f + 85820 = -2*k, f = 2*k + 28612. Suppose -4400 + f = 12*o. Is o prime?
True
Suppose -4*b + 1410 - 422 = 0. Suppose 7*l + 65 = b. Is ((-6383)/l)/((-1)/2) prime?
True
Is (4/(-24)*-3)/((-1)/(-415799 + 9)) prime?
False
Suppose -86 = 8*r - 238. Suppose 28*n - 5247 = r*n. Is n prime?
False
Let y = -666 - -1272. Let h = y + -215. Is h prime?
False
Let q(x) = x**3 + 9*x**2 + 18*x - 8. Let r be q(-5). Suppose 0 = 5*c + z - 10208, 3*c + r*z - 5710 = 419. Is c a prime number?
False
Let t be 407307/(-23)*(-1)/1. Suppose -258*y = -261*y + t. Is y a prime number?
True
Let n(b) = -2*b**3 - 8*b**2 + 9*b - 4. Let r be n(-7). Suppose y + r = 2*y. Suppose -i + y + 960 = 0. Is i a prime number?
True
Let u(v) = -64 + 5*v**2 + 2*v**2 + 37 + 56 - 45*v. Is u(33) a prime number?
False
Suppose -2*i + 0*i = -3*o - 2, -2*o + 8 = i. Suppose -5*p + 0 = j - 1, 0 = -4*p + 2*j - o. Suppose -4*t + 5159 + 2445 = p. Is t a prime number?
True
Let d = 250 + -250. Suppose -33140 = -4*c - d*c + 4*a, 2 = a. Is c composite?
False
Let k(h) be the third derivative of -h**6/30 + h**5/12 - 7*h**4/24 + h**3/6 - 14*h**2 + 1. Is k(-11) composite?
False
Let l(m) = 674*m. Let u be l(5). Suppose 2*a - u = 3152. Let p = -2288 + a. Is p a prime number?
False
Let q = 748 - 463. Suppose 174 = -3*r - 324. Let m = r + q. Is m a prime number?
False
Suppose 203 = 13*f + 138. Suppose -4*k = -3*i - i + 20, -4*i - 2*k = 10. Suppose -f*u + 5279 = -i*u - 4*z, -z = u - 1054. Is u a composite number?
True
Suppose -27*p - 3*h + 305056 = -25*p, -5*p - 3*h = -762613. Is p a prime number?
True
Suppose s - 5*g - 7926 = -537, s + 3*g - 7389 = 0. Let a = -4592 + s. Is a composite?
False
Let b(c) be the third derivative of -c**5/60 + 3*c**4/8 - c**3/3 - 21*c**2. Let o be b(8). Is 318/(-4)*(-20)/o a prime number?
False
Suppose -219*y - 110346435 = -354*y. Is y composite?
True
Let i = 287 - 189. Suppose q - i - 41 = -s, 3 = q. Let r = s - -115. Is r composite?
False
Suppose 4*c = 3407 + 5469. Let i = 10128 + c. Is i composite?
False
Let w = 463 - 463. Suppose 28*f - 124466 + 4878 = w. Is f prime?
True
Let k(m) = 21*m - 22. Let d(f) = f**3 - 2*f**2 - 4*f - 11. Let i be d(4). Suppose -120 = -i*a - 5*z, -3*a - 4*z = -4*a + 9. Is k(a) a prime number?
True
Let d(m) = -21*m - 24. Let w be d(-6). Let h be (1*w)/(1/464*-3). Is h/(-20) - (-2 - (-9)/5) prime?
False
Let v(o) = -o**2 - 3*o + 28. Let c be v(5). Is ((-6)/c)/((-3)/(-69474)) composite?
False
Let r(a) = -a**3 - 54*a**2 - 36*a + 169. Is r(-60) composite?
False
Suppose 11 = -5*o + 31. Suppose -4*p + q + 58 = 0, -p = o*q - 2 - 4. Suppose 18*g = p*g + 124. Is g prime?
True
Let q(l) = l**2 - 3*l - 2. Let n be q(-4). Suppose t = 15 - n. Let s(p) = -p**3 - 5*p**2 - 14*p + 27. Is s(t) a prime number?
True
Let g(k) = -3*k**2 + 12*k - 21. Let z(i) = 9*i**2 - 37*i + 62. Let b = -52 + 45. Let t(j) = b*g(j) - 2*z(j). Is t(10) prime?
True
Let q be (4/(-6))/((-550)/78 + 7). Suppose q*k = 19*k - 6882. Is k composite?
True
Let a be 48/72 - (-2 + 2/(-6)). Suppose -a*z + 13 = 7, 4045 = 5*f + 5*z. Is f prime?
False
Let h be -6 + 6/7*7. Suppose -3*b + 13948 + 2897 = h. Is b a prime number?
False
Let r(u) be the second derivative of u**5/20 - 11*u**4/12 - 10*u**3/3 + 7*u**2/2 + u. Suppose -92 = -5*h - 4*g, 4*h = g + 2*g + 55. Is r(h) composite?
False
Let m be (1/2)/(4/40). Suppose -5*h - 3*h = -m*h. Let r(w) = -8*w + 119. Is r(h) a composite number?
True
Suppose 366*c = 58*c + 194772431 + 99850821. Is c a prime number?
True
Let u be (-1)/(-2) + (-3)/6. Let t(n) = -2*n - 25. Let g be t(u). Let s = 342 + g. Is s prime?
True
Let s = -184 + 187. Suppose -12539 = -s*d - 7*m + 5*m, 0 = 2*m + 4. Is d prime?
False
Let r = -108 + 114. Suppose r*m + 30 = -6. Is -4 - m - (1 - 160) a composite number?
True
Is -2 + 6418 + (-15 - -6) a composite number?
True
Suppose 27*h - 31*h + 108928 = 0. Suppose 0 = 6*m + h + 1052. Is 1 + (-3 + -1 - m) a composite number?
True
Suppose -3*a + 0*r = 4*r + 44, 66 = -5*a - 3*r. Let o be 6/a - 4899/(-6). Let l = o - 119. Is l composite?
True
Let b = -2892 - -8155. Is b a prime number?
False
Is (-146155)/((4/12)/(3/(-9))) a prime number?
False
Suppose 8*x = -11*x. Suppose -6*j - 3 - 9 = x. Is 2 - j - 5255/15*-3 prime?
False
Suppose -688*x + 899*x = 43560739. Is x prime?
False
Suppose -35*u = -32*u - 303. Suppose 0 = -3*f - u + 1340. Is f a composite number?
True
Let i(n) = -n. Let g(m) = 4*m**3 - m**2 - m. Let a(v) = -g(v) + 2*i(v). Let u be a(1). Is (-1)/u - 3234/(-56) a composite number?
True
Suppose 0*f - 40 = -2*f. Suppose -4*l + l + 4*p + 16 = 0, 5*p + f = -4*l. Suppose l = -21*j + 16*j + 19735. Is j composite?
False
Suppose 4*u - 3*n + 64923 = 7*u, 2*n = 5*u - 108247. Is u a prime number?
True
Suppose 5*r = 12 + 3, -4*z + 13521 = 3*r. Suppose 280 - z = -2*m - 3*i, 0 = 3*i - 12. Is m a prime number?
True
Suppose 6*s = 27 - 21. Is (1516 - 5)/s + -4 prime?
False
Is 5 + 5/((-315)/(-25766514)) + 2/(-7) prime?
True
Suppose 125*b + 75*b - 15400363 = -53*b. Is b a composite number?
True
Suppose -61*w + 16901657 = -17451149 + 10688283. Is w a composite number?
True
Suppose 13527 = 5*h - p, h - 5*p - 1965 = 750. Is h a prime number?
False
Let a be (3/(-2))/((-18)/(-12) - 2). Suppose -u + 8 = a. Is u*((-4)/8*4 - -4) a composite number?
True
Let w(x) = -534*x - 54. Let h be w(-14). Suppose -18*u + h = -7752. Is u composite?
True
Let a = 64711 - 44552. Let x = 35336 - a. Is x composite?
True
Is 3/9 + ((-2784072)/(-18) + -5 - 3) a prime number?
False
Let s(o) = 4093*o + 22 - 20 + 10. Is s(5) a prime number?
True
Let t(u) = -142*u**2 + 36*u + 82. Let m(h) = -48*h**2 + 12*h + 27. Let o(r) = 11*m(r) - 4*t(r). Is o(-12) a prime number?
False
Let k be ((-4)/6 - -1)*(-8 - -8). Let u = 28 - -21. Suppose -m - u + 168 = k. Is m a composite number?
True
Is (-198486)/3*(-2)/4 prime?
False
Let d(v) = 158*v**2 - 65*v + 215. Is d(12) composite?
True
Suppose 3*c - 3*p - 15 = 0, 0 = 4*c - p + 4*p - 6. Suppose x = c*k + 10, -1 = -4*x + 2*k + 29. Suppose 0 = -3*b - 2 - x, -5*r - 5*b = -500. Is r a prime number?
True
Suppose -26*l + 5*l + 8843322 = 17*l. Is l prime?
False
Let j be -2 + (-24)/(-4) - 2. Suppose 46682 = 4*u + 2*h, -3*u + j*h = -15264 - 19737. Is u prime?
False
Let b(g) = -2502*g + 518. Is b(-12) composite?
True
Suppose -39*l = 44*l - 878220 - 1732379. Is l prime?
False
Let m(h) = 19*h**2 + h - 2. Let l be m(-5). Suppose 5*u = y + 6, -6*u + 0*y + 2*y + 4 = 0. Suppose 3*g = -u*t + 136, -5*t + g + l = 94. Is t a composite number?
True
Let x = 226853 + 87998. Is x a prime number?
True
Is 16/(-3 + (-9626644)/(-3208868)) - (-12)/(-60) a prime number?
False
Suppose -24*p = -94*p - 27*p + 92545081. Is p composite?
True
Suppose -30 = 5*f, -4*b + 2123306 = -f + 124128. Is b prime?
False
Let a(i) = 2*i**2 + 30*i + 57. Let s(b) = -2*b**2 + 53*b + 1. Let f be s(27). Is a(f) composite?
True
Let g(f) = 1143*f**3 - 22*f**2 - 28*f + 5. Is g(8) a prime number?
False
Let d(b) = b**3 + b + 2. Let l(i) = -170*i**3 + i**2 + i - 1. Let k(u) = -d(u) - l(u). Is k(3) prime?
True
Suppose c = 2*t + 284989, 80*c - 76*c - 1140010 = -t. Is c a prime number?
False
Suppose 39 = 2*d - 67. Let t = 55 - d. Suppose -2*s + 974 = -0*m - 2*m, t*s - 994 = -3*m. Is s a composite number?
False
Let s(d) be the second derivative of -3593*d**6/120 + d**5/20 + d**4/12 + d**3/6 - d**2/2 - 13*d. Let j(p) be the first derivative of s(p). Is j(-1) prime?
False
Let q(m) = 5*m**3 - 5*m**2 - 5*m - 2. Let c be q(-3). Let n = c + 337. Suppose l + n = 6*l. Is l composite?
True
Let l(x) = -264*x**3 - 23*x**2 - 32*x - 37. Let k(r) = -132*r**3 - 11*r**2 - 16*r - 18. Let z(y) = 9*k(y) - 4*l(y). Is z(-5) a composite number?
True
Suppose g = -4*g. Suppose g = -4*t + 12. Suppose 918 = t*y - 1635. Is y a composite number?
True
Let v(x) = -x**3 - 27*x**2 + 45*x + 28. Let r be v(-30). Let y = r + -17. Is y a composite number?
False
Let y(c) = 17 + 24*c**2 - 18*c + 16*c**2 - 57*c**2 + 49*c**3 + 18*c**2. Is y(6) prime?
True
Is 3482395/280 - 1/(-40)*-5 a prime number?
True
Let k be (17 + -25)*2/((-4)/(-11)). Let t = k + 48. Suppose 5*g = t*m + 3711, g + 3*g = -2*m + 2974. Is g a prim